a = 37. What is the remainder when a is divided by 4/(-6)*-3 - -8?
7
Let z = 0 - -3. Suppose -n + 4*p = -9, 3*n + z*p - 4*p = 82. Let j = 33 - n. What is the remainder when 10 is divided by j?
2
Let h(v) = v**3 + 7*v**2 + 8*v + 4. Calculate the remainder when 461 is divided by h(-3).
13
Let r(b) = 179*b - 785. What is the remainder when r(6) is divided by 47?
7
Calculate the remainder when 165 is divided by (-372)/(-17) + 38/323.
11
Suppose -4*r + 296 = 4*r. Calculate the remainder when r is divided by 21.
16
Let f = 14 - -18. Let a be (34/(-4))/(8/(-16)). Suppose 5*r - a = 18. Calculate the remainder when f is divided by r.
4
Let h(c) be the third derivative of c**4/8 - 3*c**3/2 + 8*c**2. What is the remainder when 43 is divided by h(6)?
7
Suppose -6*z = -9*z + 18. Let x be (-3)/z*-146*-1. Let v = -52 - x. What is the remainder when 81 is divided by v?
18
Let t(r) = -5*r - 11. Suppose 28 = 8*m - 4*m. What is the remainder when t(-6) is divided by m?
5
Let b(s) = 2*s**2 - 35*s - 159. Calculate the remainder when 110 is divided by b(-5).
44
Let w(f) = f**3 + 11*f**2 + 18*f + 2. Let k be w(-9). Suppose -164 + 56 = -k*l. Let j = 26 + -15. Calculate the remainder when l is divided by j.
10
Let t be 2/(-4) - (-3)/(-6). What is the remainder when (-5 - t)*(-26)/4 is divided by 15?
11
Let f = -19 - -16. Let s(u) = -11*u + 1. Let y(t) = -10*t + 1. Let w(m) = f*s(m) + 4*y(m). Calculate the remainder when 21 is divided by w(-1).
5
Suppose 2*p - 3*p + 31 = 0. Suppose -3*h = -2*f + 4 - 65, 5*f = -3*h + 47. Let l = p - h. What is the remainder when l is divided by 5?
2
Let s = 385 + -364. What is the remainder when 54 is divided by s?
12
Let z = -783 - -884. What is the remainder when z is divided by 51?
50
Suppose -14*y + 7*y + 259 = 0. Calculate the remainder when y is divided by 22.
15
Let t(a) = -a**3 - a**2 + a - 50. Let d be t(0). Let b = d - -58. What is the remainder when b is divided by 5?
3
Let t = -26 - -24. Suppose -21 = 2*n - 5*n. What is the remainder when n is divided by (-117)/(-24) - t/16?
2
Let p(l) = -l**2 + 7*l**2 + 3*l - 13*l**2 - 19 + 8*l**2. Calculate the remainder when p(8) is divided by 14.
13
Suppose -74 = -2*g + g + 2*z, 4*z - 332 = -4*g. What is the remainder when g is divided by 14?
10
Suppose -y - d = -252, 1264 = 5*y - 9*d + 10*d. Calculate the remainder when y is divided by 85.
83
Suppose -30*d + 60 = -27*d. What is the remainder when d is divided by 11?
9
Let u be 0*(3 - 25/10). Suppose u = -2*b + 16 - 4. What is the remainder when b is divided by 3?
0
Let x(m) = 9*m - 15. Let k be 4*(1 - (-2)/4). What is the remainder when x(k) is divided by 14?
11
Suppose -8*i = -11*i + 177. Let y be (-3)/2*-2 + 0. Suppose y*j - 5*j + 40 = 0. Calculate the remainder when i is divided by j.
19
Let g = -3 + 5. Suppose 4 + 3 = f. What is the remainder when (27/2)/(g/4) is divided by f?
6
Let h be 0/1 - (-4 - 3). Suppose -273 = h*r - 20*r. Calculate the remainder when 79 is divided by r.
16
Suppose q - 3 = -j - q, q - 3 = 0. Let d = j - -19. Suppose 0 = -w - 3*w - 4*c + 232, w + 4*c - 49 = 0. What is the remainder when w is divided by d?
13
Calculate the remainder when (-15)/150 + (-5403)/(-30) is divided by 55.
15
Suppose 0 = -4*f - 0*f + 16. Suppose -5*g + 71 = 3*n + 7, -48 = -3*n + 3*g. Calculate the remainder when (552/(-16))/((-2)/f) is divided by n.
15
Let l = 158 + -155. Let v(q) = 5*q + 1. Let o be v(1). What is the remainder when 16 is divided by (-6)/2 + o + l?
4
Let t be -5 + 1416/44 + 2/(-11). Suppose t = 2*b + 2*j - 3*j, 3*b + 5*j - 47 = 0. Calculate the remainder when 122 is divided by b.
10
Let m(p) = p**2 - 16*p + 27. Let u be m(15). Suppose -6*z - l + 170 = -z, 5*l - 91 = -2*z. What is the remainder when z is divided by (-116)/(-10) - u/(-30)?
9
Suppose 2*w - 5*i = 137, 0*i + 204 = 4*w + 4*i. What is the remainder when w is divided by 14?
0
Let u be (3 - (4 + -2))*2. Suppose -2 = -s + 3*w + 2, u*s - 8 = -2*w. Suppose f + s*f - 145 = 0. Calculate the remainder when f is divided by 5.
4
Let o(r) = -7*r + 26. Let f(c) = -1. Let w(h) = -2*f(h) + o(h). What is the remainder when w(-8) is divided by 29?
26
Let n = 145 - 95. Calculate the remainder when n is divided by (7/(-2))/((-217)/806).
11
Let t(s) = 0*s + 3*s**2 + s**2 + 0*s + 4*s - 5. What is the remainder when t(3) is divided by 16?
11
Suppose -756 = -16*m + 604. Calculate the remainder when m is divided by 18.
13
Suppose -o - 3 = -8. Suppose o*r - 5 = 40. What is the remainder when r is divided by 3?
0
Let o(v) = v**2 + 7*v + 10. Let w = -25 - -32. What is the remainder when o(-10) is divided by w?
5
Let n = -1179 + 1336. Calculate the remainder when n is divided by 22.
3
Suppose -w + 5*u + 28 = -32, 0 = -5*w + u + 396. Suppose 187 = 21*b - 401. Calculate the remainder when w is divided by b.
24
Let k = 832 - 836. Suppose -4*o = -13 + 1. Calculate the remainder when o*(-285)/(-9) + k is divided by 23.
22
What is the remainder when 26 is divided by (-2 + -30)*(-2)/8*2?
10
Suppose 25*q - 2672 = -522. Calculate the remainder when q is divided by 45.
41
Let z = -75 + 46. Let r = z - -58. Let q = -4 + 59. Calculate the remainder when q is divided by r.
26
Suppose -1 - 35 = -2*u. What is the remainder when 62 is divided by u?
8
Let w(y) = -9*y - 29. What is the remainder when 95 is divided by w(-4)?
4
Let l = -196 - -767. What is the remainder when l is divided by 96?
91
Suppose 0 = -3*x - 9, 5*x = -2*k + k + 7. Calculate the remainder when 76 is divided by k.
10
Suppose -11 - 7 = -q. Let a(l) = -3*l**3 - 10*l - 1. Let o be a(-4). Suppose 6*z = -z + o. What is the remainder when z is divided by q?
15
Let c(f) = f**2 + 2*f + 18. Let t be c(0). What is the remainder when 15 is divided by (-4)/t - (-595)/45?
2
Suppose -3*p - 4*l = -133, -2*l - 22 = -p + 19. Suppose -4*s - p + 122 = -3*d, -s = 2*d - 6. Let h = 52 + -21. What is the remainder when h is divided by s?
15
Let h be (-6)/5*(-40)/3. Let x(f) = f**2 - 3*f - 3. Let r be x(6). Calculate the remainder when 28 is divided by (r/12)/(2/h).
8
Suppose 0 = -34*i + 38*i - 132. What is the remainder when i is divided by 17?
16
Let t(x) = -x**3 - 4*x**2 + 28*x + 116. What is the remainder when t(-6) is divided by 7?
6
Suppose 0 = -0*x + 5*x. Suppose -w = 3*g - 10, -4*g + x*g + 4*w + 24 = 0. What is the remainder when 3 + (5 - (2 - 0)) is divided by g?
2
Let x = -223 - 3. What is the remainder when 109 is divided by x/(-8) + 5/(-20)?
25
Let h = 14 + -9. Let y be (2/h)/(4/60). Let a(w) = 2*w**2 - 10*w + 8. What is the remainder when 36 is divided by a(y)?
16
Let i = 249 - 210. What is the remainder when i is divided by 20?
19
Let f be (6/(-7))/(2/14). Let n be (-9 - f) + 6*1. Let c(l) = 2*l**2 - l - 3. What is the remainder when 71 is divided by c(n)?
11
Let q(m) = -18*m + 297. What is the remainder when 83 is divided by q(12)?
2
Let k = 2 - 2. Suppose -q - 8 + 73 = k. What is the remainder when q is divided by 23?
19
Suppose -94*s + 415 = -11*s. Calculate the remainder when 1/5 - 39/(-5) is divided by s.
3
Let x be 4/1 - 6 - 8. What is the remainder when (-4)/(-20) - 568/x is divided by 20?
17
Suppose 9*b - 13*b = 0. Suppose b = 2*l + l - 15. Suppose -4*s = l*w - 33, 0 = -3*w - 0*s - s + 24. Calculate the remainder when w is divided by 3.
0
What is the remainder when ((-1485)/22 + 8)*(-1 + -1) is divided by 58?
3
Let l = 286 + -270. Calculate the remainder when 95 is divided by l.
15
Suppose -27*q + 14*q + 9*q + 324 = 0. Suppose 3*p = 2*p - 1, 4*i + 3*p = 21. What is the remainder when q is divided by i?
3
Let s(y) = 3*y + 11. Let b be s(-5). Let v = -1 - b. Let u(p) = p**3 - 4*p**2 + 3*p - 5. Calculate the remainder when u(4) is divided by v.
1
Suppose 3*v - 4*g - 3200 = 0, 3*v - 3*g - 3199 = 2*g. Suppose -x = 0, -4*x = 3*f - 0*x - v. What is the remainder when (-2)/(-7) - f/(-28) is divided by 7?
6
Let d(c) = 17*c - 6. Let s be d(5). Let t = s - 20. What is the remainder when t is divided by 20?
19
Calculate the remainder when 2826/24 + (-1)/(-4) is divided by 40.
38
Let y(i) = i**3 + 5*i**2 - 3*i + 1. Let q(x) = 6*x - 12. Let j be q(5). Calculate the remainder when y(-5) is divided by (-3)/(-36)*4*j.
4
Suppose 66*h - 2808 - 690 = 0. Suppose -3*s = 12, -2*c + 0*c + 4*s = -52. What is the remainder when h is divided by c?
17
Suppos